{"id":138,"date":"2019-02-20T13:40:33","date_gmt":"2019-02-20T12:40:33","guid":{"rendered":"http:\/\/aplonsenegal.sn\/?page_id=138"},"modified":"2023-04-18T10:39:04","modified_gmt":"2023-04-18T08:39:04","slug":"bref-historique-de-fic-aplon-senegal","status":"publish","type":"page","link":"http:\/\/aplonsenegal.sn\/index.php\/blog\/bref-historique-de-fic-aplon-senegal\/","title":{"rendered":"Bref historique de FIC APLON SENEGAL"},"content":{"rendered":"\n<p>En 1995, Monsieur L\u00e9opold CABRAL, Directeur Dioc\u00e9sain de l\u2019Enseignement Catholique de Dakar, entama un processus visant \u00e0 harmoniser l\u2019utilisation de l\u2019outil informatique dans les diff\u00e9rents \u00e9tablissements. En effet, certains \u00e9tablissements commen\u00e7aient \u00e0 informatiser leur gestion scolaire mais cela se faisait en \u00ab ordre dispers\u00e9 \u00bb ! De plus, plusieurs autres \u00e9tablissements de Dakar \u00e9taient dispos\u00e9s \u00e0 entrer dans l\u2019\u00e8re \u00ab moderne \u00bb de l\u2019informatisation.<\/p>\n\n\n\n<p>C\u2019est ainsi que la DIDEC de Dakar a travaill\u00e9 en \u00e9troite collaboration avec le Centre informatique Appliqu\u00e9e du Coll\u00e8ge Saint Michel afin de trouver les voies et moyens susceptibles d\u2019aider \u00e0 faire un choix judicieux d\u2019un logiciel commun, sp\u00e9cifique aux besoins scolaires (comptabilit\u00e9, facturation, encaissements, secr\u00e9tariat, notes \u2026).<\/p>\n\n\n\n<p>Depuis 1989, l\u2019Association Teranga Inter-Ecoles (ATIES) avait \u00e9tabli un partenariat avec des Etablissements Catholiques du Morbihan. Profitant d\u2019un voyage en Bretagne avec un groupe d\u2019enseignants de l\u2019ATIES, Monsieur Ignace DIATTA, chef comptable de la DIDEC, eu l\u2019occasion de b\u00e9n\u00e9ficier d\u2019une d\u00e9monstration \u00e0 RENNES des logiciels de gestion scolaire con\u00e7us par APLON FRANCE. M. Gilbert GUIHAIRE, responsable de Fic Aplon Bretagne, lui pr\u00e9senta les programmes utilis\u00e9s et \u00e0 son retour, M. DIATTA expliqua au Directeur Dioc\u00e9sain que ces programmes seraient facilement adaptables \u00e0 nos besoins.<\/p>\n\n\n\n<p>De con c\u00f4t\u00e9, Monsieur Jean Marie SENE, alors Directeur du Centre Informatique Appliqu\u00e9e du Coll\u00e8ge Saint-Michel, avait pu d\u00e9couvrir un logiciel nomm\u00e9 \u00ab COBA \u00bb, un produit canadien qui semblait r\u00e9pondre aux diff\u00e9rents besoins. Ce logiciel \u00e9tait d\u00e9j\u00e0 exp\u00e9riment\u00e9 au Cours Secondaire Sacr\u00e9-C\u0153ur.<\/p>\n\n\n\n<p>La pr\u00e9sentation des deux logiciels fut effectu\u00e9e le 15 novembre 1995 au Coll\u00e8ge Saint-Michel devant les repr\u00e9sentants des \u00e9tablissements scolaires de la zone urbaine en vue de trouver ensemble des solutions aux probl\u00e8mes informatiques que rencontraient de plus en plus les \u00e9tablissements. Monsieur Jean Marie SENE expliqua la n\u00e9cessit\u00e9 de faire un choix entre les deux logiciels cibl\u00e9s qui offraient un \u00e9ventail de configurations sp\u00e9cifiques et con\u00e7us uniquement pour la gestion scolaire.<\/p>\n\n\n\n<p>Le logiciel APLON fut finalement choisi parce que d\u00e9veloppant plus l\u2019aspect comptable de la gestion scolaire.<\/p>\n\n\n\n<p>Une r\u00e9union fut alors convoqu\u00e9e \u00e0 la Direction de l\u2019Enseignement, le 25 janvier 1996, avec les Directeurs des \u00e9tablissements non encore informatis\u00e9s. Toutes les modalit\u00e9s d\u2019acquisition du logiciel et du mat\u00e9riel furent d\u00e9finies.<\/p>\n\n\n\n<p>Au mois de mars 1996, Monsieur Gilbert GUIHAIRE, Directeur de FIC APLON BRETAGNE, accompagn\u00e9 de Laurence, une de ces collaboratrices, effectu\u00e8rent une mission d\u2019une semaine de travail et de prise de contact \u00e0 Dakar afin d\u2019aider \u00e0 l\u2019installation d\u2019un centre APLON \u00e0 l\u2019image de ce qui existait en France.<\/p>\n\n\n\n<p>Le vendredi 22 mars 1996, une r\u00e9union regroupa \u00e0 l\u2019Ecole Stella Maris, les deux h\u00f4tes fran\u00e7ais ainsi que les Chefs d\u2019\u00e9tablissement de Dakar ou leurs repr\u00e9sentants. Lors de cette rencontre, des pr\u00e9cisions furent apport\u00e9es sur les logiciels conseill\u00e9s en mati\u00e8re de gestion administrative et comptable, gestion des \u00e9l\u00e8ves, facturation, notes, ainsi que l\u2019acquisition d\u2019un mat\u00e9riel performant. La    cr\u00e9ation d\u2019une association nomm\u00e9e FIC APLON SENEGAL, regroupant l\u2019ensemble des \u00e9tablissements pour une meilleure appr\u00e9hension de l\u2019informatique fut approuv\u00e9e par la totalit\u00e9 des Directeurs pr\u00e9sents. Cette association aurait son si\u00e8ge au Centre informatique Appliqu\u00e9e de Saint-Michel.<\/p>\n\n\n\n<figure class=\"wp-block-table is-style-regular\"><table><tbody><tr><td>   <strong>Voici  quelques dates importantes \u00e0 retenir&nbsp;:      <\/strong>      <br>                 <strong>Mars 1996<\/strong>&nbsp;: Cr\u00e9ation de FIC APLON  SAINT-MICHEL, rattach\u00e9 \u00e0 FIC APLON BRETAGNE. <br>                 <strong>Juillet 1996<\/strong>&nbsp;: Acquisition du mat\u00e9riel  et  installation des programmes APLON pour 17 \u00e9tablissements adh\u00e9rents  qui  devinrent les membres fondateurs.            <br>               <strong>Septembre&nbsp;1996<\/strong>&nbsp;:  Livraison du mat\u00e9riel informatique aux diff\u00e9rents \u00e9tablissements et formation  des utilisateurs.            <br>               <strong>Octobre 1996&nbsp;<\/strong>: Embauche d\u2019un technicien permanent, d\u00e9but effectif des activit\u00e9s de FIC APLON SENEGAL.            <br>               <strong>Octobre 2003<\/strong>&nbsp;: &#8211;&nbsp;&nbsp; FIC APLON SENEGAL est rattach\u00e9 directement \u00e0  APLON FRANCE, embauche d\u2019un deuxi\u00e8me technicien permanent.            <br>               <strong>Novembre 2003<\/strong>&nbsp;: La possibilit\u00e9 d\u2019utiliser   les logiciels APLON est offerte \u00e0 tout \u00e9tablissement qui en fera la  demande. C\u2019est  l\u2019entr\u00e9e des \u00e9tablissements priv\u00e9s la\u00efcs dans  l\u2019association.           <br>               <strong>Octobre 2005<\/strong>&nbsp;: FIC APLON  SENEGAL obtient  sa reconnaissance officielle comme association sous le num\u00e9ro  N\u00b0 12210  M\/INT\/DAGA\/DEL\/AS du 10 octobre 2005 et son num\u00e9ro d\u2019identification   national des entreprises et associations (NINEA)&nbsp;: 28601212A9.           <br>               <strong>Septembre 2008<\/strong>&nbsp;:  FIC APLON SENEGAL  quitte le Complexe Saint-Michel pour louer des locaux \u00e0 la  Libert\u00e9 1,  Villa 1277 pour offrir un meilleur service \u00e0 ses adh\u00e9rents et se   rapprocher un peu plus de ces derniers. <\/td><\/tr><\/tbody><\/table><\/figure>\n\n\n\n<figure class=\"wp-block-table is-style-regular\"><table><tbody><tr><td><br><\/td><\/tr><\/tbody><\/table><\/figure>\n","protected":false},"excerpt":{"rendered":"<p>En 1995, Monsieur L\u00e9opold CABRAL, Directeur Dioc\u00e9sain de l\u2019Enseignement Catholique de Dakar, entama un processus visant \u00e0 harmoniser l\u2019utilisation de l\u2019outil informatique dans les diff\u00e9rents \u00e9tablissements. En effet, certains \u00e9tablissements commen\u00e7aient \u00e0 informatiser leur gestion scolaire mais cela se faisait en \u00ab ordre dispers\u00e9 \u00bb ! De plus, plusieurs autres \u00e9tablissements de Dakar \u00e9taient dispos\u00e9s &hellip; <\/p>\n<p class=\"link-more\"><a href=\"http:\/\/aplonsenegal.sn\/index.php\/blog\/bref-historique-de-fic-aplon-senegal\/\" class=\"more-link\">Continuer la lecture<span class=\"screen-reader-text\"> de &laquo;&nbsp;Bref historique de FIC APLON SENEGAL&nbsp;&raquo;<\/span><\/a><\/p>\n","protected":false},"author":1,"featured_media":0,"parent":10,"menu_order":1,"comment_status":"closed","ping_status":"closed","template":"","meta":[],"_links":{"self":[{"href":"http:\/\/aplonsenegal.sn\/index.php\/wp-json\/wp\/v2\/pages\/138"}],"collection":[{"href":"http:\/\/aplonsenegal.sn\/index.php\/wp-json\/wp\/v2\/pages"}],"about":[{"href":"http:\/\/aplonsenegal.sn\/index.php\/wp-json\/wp\/v2\/types\/page"}],"author":[{"embeddable":true,"href":"http:\/\/aplonsenegal.sn\/index.php\/wp-json\/wp\/v2\/users\/1"}],"replies":[{"embeddable":true,"href":"http:\/\/aplonsenegal.sn\/index.php\/wp-json\/wp\/v2\/comments?post=138"}],"version-history":[{"count":5,"href":"http:\/\/aplonsenegal.sn\/index.php\/wp-json\/wp\/v2\/pages\/138\/revisions"}],"predecessor-version":[{"id":250,"href":"http:\/\/aplonsenegal.sn\/index.php\/wp-json\/wp\/v2\/pages\/138\/revisions\/250"}],"up":[{"embeddable":true,"href":"http:\/\/aplonsenegal.sn\/index.php\/wp-json\/wp\/v2\/pages\/10"}],"wp:attachment":[{"href":"http:\/\/aplonsenegal.sn\/index.php\/wp-json\/wp\/v2\/media?parent=138"}],"curies":[{"name":"wp","href":"https:\/\/api.w.org\/{rel}","templated":true}]}}